ctor of 2 and 26.
2
What is the greatest common divisor of 19268 and 8?
4
What is the greatest common divisor of 22608 and 432?
144
What is the highest common factor of 54 and 459?
27
What is the greatest common factor of 32 and 76?
4
What is the greatest common divisor of 3645 and 720?
45
What is the greatest common factor of 62 and 14?
2
Calculate the greatest common factor of 28381 and 202.
101
What is the greatest common divisor of 78 and 130?
26
What is the greatest common divisor of 12 and 636?
12
What is the highest common factor of 34404 and 122?
122
What is the highest common factor of 4959 and 76?
19
Calculate the highest common divisor of 2110 and 130.
10
What is the highest common factor of 2091 and 34?
17
What is the greatest common factor of 4581 and 9?
9
What is the highest common factor of 162 and 6075?
81
What is the highest common factor of 3 and 4119?
3
Calculate the highest common factor of 5136 and 72.
24
What is the greatest common divisor of 5243 and 147?
49
What is the greatest common factor of 53 and 106?
53
What is the highest common factor of 123 and 41?
41
Calculate the highest common factor of 416 and 64.
32
Calculate the greatest common factor of 6264 and 432.
216
What is the highest common factor of 42 and 987?
21
Calculate the greatest common factor of 528 and 198.
66
Calculate the greatest common factor of 6 and 6414.
6
What is the greatest common divisor of 13374 and 18?
18
What is the greatest common divisor of 32 and 1104?
16
What is the greatest common divisor of 8 and 34?
2
Calculate the highest common divisor of 7 and 175.
7
Calculate the greatest common divisor of 39 and 299.
13
What is the highest common divisor of 251 and 1?
1
What is the greatest common divisor of 56 and 24?
8
What is the highest common factor of 429 and 33?
33
Calculate the greatest common factor of 532 and 28.
28
What is the highest common divisor of 79 and 3871?
79
Calculate the highest common factor of 91 and 49.
7
Calculate the highest common divisor of 16 and 576.
16
Calculate the highest common factor of 882 and 18.
18
Calculate the greatest common factor of 272 and 1712.
16
What is the greatest common divisor of 28435 and 188?
47
What is the highest common factor of 721 and 7?
7
Calculate the greatest common factor of 23 and 23.
23
Calculate the highest common factor of 1210 and 220.
110
Calculate the greatest common divisor of 99 and 33.
33
What is the highest common factor of 308 and 28?
28
What is the greatest common divisor of 44 and 550?
22
Calculate the greatest common factor of 679 and 2619.
97
Calculate the greatest common factor of 324 and 306.
18
Calculate the highest common divisor of 196 and 1470.
98
Calculate the greatest common factor of 156 and 52.
52
Calculate the highest common factor of 42 and 147.
21
Calculate the highest common divisor of 660 and 3168.
132
Calculate the greatest common divisor of 118 and 2.
2
Calculate the highest common factor of 55 and 715.
55
What is the greatest common divisor of 388 and 679?
97
Calculate the greatest common divisor of 51 and 17.
17
Calculate the highest common divisor of 266 and 182.
14
What is the highest common factor of 85 and 3485?
85
What is the highest common factor of 29155 and 85?
85
What is the highest common divisor of 34 and 850?
34
What is the greatest common divisor of 24898 and 118?
118
What is the highest common factor of 110 and 2970?
110
What is the greatest common divisor of 414 and 12?
6
Calculate the highest common divisor of 512 and 24.
8
Calculate the highest common factor of 30 and 870.
30
Calculate the greatest common factor of 4 and 4.
4
What is the highest common factor of 74 and 8?
2
Calculate the highest common divisor of 225 and 1325.
25
What is the highest common factor of 2058 and 6?
6
What is the highest common factor of 320 and 192?
64
Calculate the greatest common divisor of 5264 and 84.
28
What is the highest common factor of 608 and 38?
38
Calculate the greatest common divisor of 2501 and 82.
41
What is the highest common divisor of 644 and 70?
14
What is the highest common factor of 2125 and 170?
85
What is the greatest common divisor of 4608 and 1296?
144
Calculate the greatest common divisor of 18 and 450.
18
What is the highest common divisor of 3385 and 5?
5
What is the greatest common factor of 372 and 75?
3
What is the highest common factor of 10 and 45?
5
Calculate the highest common divisor of 621 and 81.
27
What is the highest common factor of 53086 and 11?
11
What is the greatest common factor of 730 and 949?
73
What is the greatest common divisor of 5 and 825?
5
Calculate the highest common factor of 126 and 35238.
42
What is the highest common factor of 5125 and 82?
41
What is the highest common factor of 34 and 3706?
34
What is the highest common factor of 682 and 124?
62
Calculate the highest common factor of 85 and 34.
17
What is the greatest common divisor of 20016 and 48?
48
What is the greatest common factor of 3869 and 583?
53
Calculate the highest common divisor of 231 and 33.
33
Calculate the greatest common divisor of 95 and 380.
95
Calculate the greatest common divisor of 41904 and 96.
48
Calculate the highest common factor of 113528 and 184.
184
What is the highest common divisor of 37247 and 119?
119
Calculate the highest common factor of 11194 and 58.
58
What is the greatest common divisor of 36 and 414?
18
What is the highest common factor of 1344 and 80?
16
What is the highest common factor of 393 and 3?
3
What is the greatest common factor of 54 and 306?
18
Calculate the highest common factor of 3168 and 24.
24
What is the greatest common divisor of 1638 and 3906?
126
Calculate the greatest common factor of 2175 and 825.
75
What is the highest common factor of 4469 and 41?
41
What is the highest common factor of 2001 and 23?
23
Calculate the highest common divisor of 14 and 56.
14
Calculate the highest common divisor of 86 and 215.
43
Calculate the greatest common factor of 1185 and 15.
15
What is the highest common divisor of 6300 and 72?
36
Calculate the highest common factor of 60 and 11820.
60
What is the highest common divisor of 5 and 20?
5
Calculate the greatest common factor of 27 and 513.
27
What is the highest common factor of 14448 and 336?
336
Calculate the greatest common divisor of 10107 and 27.
9
What is the highest common factor of 335 and 134?
67
What is the highest common factor of 4 and 53?
1
What is the highest common factor of 3672 and 680?
136
What is the greatest common factor of 35 and 100?
5
What is the greatest common factor of 36 and 12?
12
Calculate the highest common divisor of 18 and 774.
18
What is the highest common factor of 603 and 1139?
67
Calculate the greatest common factor of 38 and 1197.
19
Calculate the greatest common divisor of 8560 and 10.
10
Calculate the greatest common factor of 2814 and 42.
42
What is the highest common factor of 255 and 85?
85
Calculate the greatest common divisor of 2 and 11204.
2
Calculate the highest common divisor of 1067 and 291.
97
Calculate the greatest common factor of 46 and 4.
2
What is the highest common factor of 66 and 1254?
66
Calculate the highest common factor of 32 and 5344.
32
Calculate the highest common factor of 238 and 34.
34
What is the greatest common divisor of 10 and 640?
10
Calculate the highest common divisor of 153 and 1683.
153
What is the greatest common factor of 78 and 5538?
78
Calculate the highest common factor of 840 and 40.
40
Calculate the greatest common factor of 10027 and 148.
37
Calculate the highest common divisor of 6 and 10446.
6
What is the greatest common factor of 69 and 1725?
69
Calculate the highest common factor of 1378 and 26.
26
What is the highest common factor of 104 and 808?
8
What is the greatest common divisor of 20 and 1790?
10
What is the highest common divisor of 325 and 520?
65
Calculate the highest common divisor of 238 and 42.
14
What is the highest common divisor of 1040 and 880?
80
Calculate the greatest common divisor of 74 and 999.
37
Calculate the highest common divisor of 3 and 147.
3
Calculate the highest common divisor of 45270 and 90.
90
Calculate the greatest common factor of 56 and 70.
14
What is the greatest common divisor of 54 and 648?
54
What is the highest 